- 2. Suppose 2*i - 18 = -i. Let o be t(i). Let a = 0 + o. List the prime factors of a.
2, 5
Suppose -25 = 4*s - 269. List the prime factors of s.
61
Suppose 473 = 5*q + 143. What are the prime factors of q?
2, 3, 11
Let j(v) = 6*v**2 - 3*v + 4. Let f be j(3). Suppose -3*d - x - 2*x - 15 = 0, -f = 5*d - x. Let q = 18 + d. List the prime factors of q.
3
Let m(t) be the third derivative of t**6/180 - t**5/30 + t**4/12 - t**2. Let g(v) be the second derivative of m(v). What are the prime factors of g(4)?
2, 3
Suppose 23 = -3*s + 5. Let h be (0 - 1 - s) + 0. Suppose 3*a - 39 = 3*q, h*q - 38 = -5*a + 17. What are the prime factors of a?
2, 3
Let y = 186 - -128. What are the prime factors of y?
2, 157
Suppose 0 = -2*p + 4*p + 8. List the prime factors of (-749)/(-21) + p/6.
5, 7
Suppose 3*n = 4*g + 215, -5*g = -n + 28 + 51. Let k be (n/9)/((-2)/(-12)). Suppose -h + 12 = 2*h, -h = -5*f + k. What are the prime factors of f?
2, 5
Suppose -2*t + 2*k - k = -117, -4*t + 3*k = -239. What are the prime factors of t?
2, 7
Suppose -4*k + 32 = -4*z - k, 3*k = z + 17. Suppose 2*d + 3*f = 18, 5*d + 4*f = -6 + 44. What are the prime factors of 15/d*(-6)/z?
3
Suppose -840 = 189*b - 191*b. List the prime factors of b.
2, 3, 5, 7
Let q(f) be the third derivative of -f**6/120 - f**5/120 - f**4/12 - f**2. Let t(g) be the second derivative of q(g). List the prime factors of t(-2).
11
Let l be (5/(-15))/(2/(-30)). What are the prime factors of l/(-20) + (-109)/(-4)?
3
Let u = 34 - 25. What are the prime factors of u?
3
Suppose 4*g = -2*g + 378. What are the prime factors of g?
3, 7
Suppose 4*w - 3*w - 3 = 0. Suppose 5*y = 0, -w*i - y + 24 = i. Suppose 0 = -t - 2*t + i. List the prime factors of t.
2
Let z(i) = 24*i + 3. Let d(p) = -8*p - 1. Let c(k) = 17*d(k) + 6*z(k). Suppose -5*v = 15, -4*l - 1 = v - 6. List the prime factors of c(l).
17
Let o(p) = p**3 - p. Let a(x) = -3*x**3 - 13*x**2 + 2*x - 18. Let z(t) = -a(t) - 4*o(t). What are the prime factors of z(13)?
2, 11
Suppose 3*l + 2*d + 0*d - 38 = 0, 5*l = 2*d + 74. Suppose -12 = -z + l. List the prime factors of z.
2, 13
Suppose j = -3*u - 17, -4*j - 2*u = 2*u + 44. Let g = 14 + j. What are the prime factors of g?
2, 3
Let j = 13 - -3. Suppose 2*g - 3*f - 16 = 0, 4*g + 5*f - j = 3*f. Suppose 3*i - g*o - 44 = 0, -14 = -i - 0*i + o. List the prime factors of i.
13
Suppose 5*t - 55 - 45 = 0. Suppose t = d - y, 20 = -y - 3*y. List the prime factors of d.
3, 5
Suppose 0*o - 2*o = 0. Suppose w - 4*f = 0, 5*w - 3*f + 2*f - 19 = o. Let y(h) = h**2 - 2*h + 1. What are the prime factors of y(w)?
3
Let j = -5 + 8. Suppose 2*q + 2*s = j*q + 5, -3*s = -15. What are the prime factors of (-8 + q + -2)*-1?
5
Suppose 0*o - 3 = -o. Let i be (-2)/3*105/(-14). Suppose y + 5*h = -i, 0*h - 14 = -4*y - o*h. List the prime factors of y.
5
Let n(g) = g**3 - 4*g**2 - g - 8. List the prime factors of n(6).
2, 29
Let l(z) = 15*z**2 - 6*z - 9. List the prime factors of l(-5).
2, 3, 11
Suppose -i = -3*t - 46, -5*i - 88 = -2*t - 305. Let s be 4/14 + 219/(-7). Let r = i + s. What are the prime factors of r?
2, 3
Let g(y) = -y**3 + 11*y**2 - 11*y - 4. Let f be g(8). List the prime factors of (-3)/9 - f/(-12).
2
Suppose 5*l + 35 = 4*b, 5*l - 2*l = -5*b + 16. Let r = 19 + l. Suppose -4*t + 8*t - r = 0. List the prime factors of t.
2
Let q = 108 + -83. List the prime factors of q.
5
Suppose -4*k = -2*k - 5*j - 48, 5*j + 90 = 5*k. List the prime factors of k.
2, 7
Let x = 15 + -14. Let d(z) = -z - 1. Let a be d(-5). Let h = a + x. What are the prime factors of h?
5
Let p(j) = -4*j**2 + 12 + 3*j**2 - 4*j**3 + 2*j**2 + 3*j**3. Let z(c) = -c + 4. Let m be z(4). What are the prime factors of p(m)?
2, 3
Suppose 7*h - 12*h + 655 = 0. List the prime factors of h.
131
Let f(l) = 9*l - 1. List the prime factors of f(2).
17
Let c(u) = 3*u + 25. What are the prime factors of c(17)?
2, 19
Let m(s) = -s**2 + 28*s + 10. What are the prime factors of m(9)?
181
Let u(c) = -c**3 + 7*c**2 + 3*c - 3. List the prime factors of u(6).
3, 17
List the prime factors of 1*44/(-4)*-2.
2, 11
Let g(w) be the third derivative of -w**5/60 - w**4/3 + 11*w**3/6 - w**2. What are the prime factors of g(-8)?
11
Let g = 20 + -18. Suppose 0 = t - 5 + g. List the prime factors of t.
3
Let j(l) = l**3 - 5*l**2 - 4*l - 8. What are the prime factors of j(6)?
2
Suppose -3*j + 335 = 2*j. What are the prime factors of j?
67
Let r be (-19)/(-7) - 6/(-21). Suppose r*x = -0*x + 42. Suppose -x - 12 = -4*d + i, 2*d = i + 14. List the prime factors of d.
2, 3
Let h be (-80)/(-64) - 6/(-8). Let c = -11 - -20. Let f = c + h. List the prime factors of f.
11
Let s = -18 + 48. Let r be 156/30 - (-2)/(-10). Suppose r*i - s = 4*z, 0 = -3*i - 2*z + z + 18. What are the prime factors of i?
2, 3
Let g(s) = 2*s**2 - s. Let c = 5 - 8. Let r be g(c). Suppose 0 = 3*o + 2*b - r, -2*b = -0*o + 5*o - 35. What are the prime factors of o?
7
Suppose w = 5*p - 10, -4*p + 5*w = 3*w - 2. List the prime factors of p.
3
Let q(c) = 5 - 5*c**2 + c**2 + 3*c**2 - 8*c + 0*c**2. List the prime factors of q(-8).
5
Let d(g) be the first derivative of -g**3/3 - 7*g**2/2 + 6*g + 1. What are the prime factors of d(-7)?
2, 3
List the prime factors of (2 + 1 + -2)*43.
43
What are the prime factors of 8 + (0 - (2 - 2))?
2
Let t = 24 + 33. What are the prime factors of t?
3, 19
Suppose 0 = -0*l + 2*l - 26. Suppose 7 = 5*p - l. Let s = 5 + p. What are the prime factors of s?
3
Let a(l) = 65*l**2 - 2. List the prime factors of a(-1).
3, 7
Suppose -5*n + 14 = -1. Let m(f) = f**2 + 4*f - 5. Let v be m(-5). Suppose 60 = n*h + 3*g, -h + 0*h - 2*g + 21 = v. What are the prime factors of h?
19
Let f(k) = 13*k**2 + 1. What are the prime factors of f(1)?
2, 7
Let x(c) be the third derivative of c**6/120 + c**5/10 - 3*c**4/8 - 3*c**3/2 + 5*c**2. List the prime factors of x(-7).
5
Let h(w) = 2*w**2 + 6*w + 5. Let q be h(-9). Suppose -5*j = -2*p + 63 + 56, -5*j + 4*p = q. What are the prime factors of (-2)/(-9) - j/9?
3
Suppose 1 = -4*l - 7. Suppose -6*g + 10 = -g. What are the prime factors of (-2)/(g/(-15)) - l?
17
Let o = -5 - -5. Suppose b - 3*p = -4*p + 1, -2*b + 3*p + 17 = o. What are the prime factors of b?
2
Suppose -3*u + 65 = -97. What are the prime factors of u?
2, 3
Let a(k) be the first derivative of 1/2*k**2 + 3 + 4*k. List the prime factors of a(5).
3
Let w(n) = n**3 - 6*n**2 + 6*n - 5. Let f be w(5). Suppose -5*u + 2*h - 3*h + 26 = f, -u - 2 = 2*h. What are the prime factors of u?
2, 3
Let p(s) = s**2 + 5*s + 1. Let f(g) = g - 7. Let q be f(0). What are the prime factors of p(q)?
3, 5
Let n(t) = t. Let m(d) = 93*d. Let f(q) = -m(q) + 62*n(q). List the prime factors of f(-1).
31
Let x(p) = -3 - 66*p**3 + 2 + 20*p**3. What are the prime factors of x(-1)?
3, 5
Let k(l) be the third derivative of -l**6/120 - l**5/30 + 5*l**4/24 + l**3/2 - 2*l**2. Let d be k(-3). Let t(i) = i**2 + 2*i. List the prime factors of t(d).
3
What are the prime factors of (-4)/(-2)*(-147)/(-2)?
3, 7
Let q(a) = -a + 11. Let y be q(8). Let j(f) = -f + 3. Let h be j(-6). Suppose h = z - y. What are the prime factors of z?
2, 3
Let g(b) = b - 8. Let l be g(8). Suppose o = 3*a - 66 + 19, l = 4*a - 3*o - 71. List the prime factors of a.
2, 7
Let f(c) = -2*c + 1. What are the prime factors of f(-3)?
7
Let p(r) be the third derivative of -r**6/120 + r**5/10 + 3*r**4/8 - r**3/3 + r**2. List the prime factors of p(7).
2, 3
Suppose 0*n + 5*n - 100 = 0. What are the prime factors of n?
2, 5
Let w(q) = -3*q - 6. Let p(j) be the second derivative of 4*j**3/3 + 17*j**2/2 - 2*j. Let c(h) = -4*p(h) - 11*w(h). What are the prime factors of c(5)?
3
Suppose -4*r + 9 - 41 = 0. Let d(b) = b**3 + 8*b**2 - b - 3. What are the prime factors of d(r)?
5
Let r(l) = -17*l**3 + 2*l**2 + 2*l + 1. What are the prime factors of r(-1)?
2, 3
Suppose -5*m + 0*m - 2*y - 116 = 0, 0 = 5*m - 2*y + 104. Let u = m + -4. Let s = 36 + u. What are the prime factors of s?
2, 5
Let g(s) be the first derivative of -s**3/3 - 4*s**2 - 7*s - 3. What are the prime factors of g(-5)?
2
Suppose 42 - 222 = -2*j. List the prime factors of j.
2, 3, 5
Let f be (4 + 4)*(-2)/(-4). Suppose 9 = -f*p + 7*p. Suppose b - 4*g = 5, p*b + 0*b - 3*g - 24 = 0. List the prime factors of b.
3
Suppose -2*l + 1 - 7 = -3*p, 3*p = -4*l + 2